{"id":602,"date":"2023-08-15T20:01:24","date_gmt":"2023-08-15T18:01:24","guid":{"rendered":"http:\/\/christellebesse.com\/?page_id=602"},"modified":"2023-08-19T16:07:51","modified_gmt":"2023-08-19T14:07:51","slug":"mentions-legales","status":"publish","type":"page","link":"https:\/\/christellebesse.com\/index.php\/mentions-legales\/","title":{"rendered":"Mentions l\u00e9gales"},"content":{"rendered":"\t\t<div data-elementor-type=\"wp-page\" data-elementor-id=\"602\" class=\"elementor elementor-602\">\n\t\t\t\t\t\t<section class=\"elementor-section elementor-top-section elementor-element elementor-element-3479d5a elementor-section-boxed elementor-section-height-default elementor-section-height-default\" data-id=\"3479d5a\" data-element_type=\"section\">\n\t\t\t\t\t\t<div class=\"elementor-container elementor-column-gap-default\">\n\t\t\t\t\t<div class=\"elementor-column elementor-col-100 elementor-top-column elementor-element elementor-element-f99c3bd\" data-id=\"f99c3bd\" data-element_type=\"column\">\n\t\t\t<div class=\"elementor-widget-wrap elementor-element-populated\">\n\t\t\t\t\t\t<div class=\"elementor-element elementor-element-e14b727 elementor-widget elementor-widget-heading\" data-id=\"e14b727\" data-element_type=\"widget\" data-widget_type=\"heading.default\">\n\t\t\t\t<div class=\"elementor-widget-container\">\n\t\t\t\t\t<h2 class=\"elementor-heading-title elementor-size-default\">Mentions l\u00e9gales<\/h2>\t\t\t\t<\/div>\n\t\t\t\t<\/div>\n\t\t\t\t<div class=\"elementor-element elementor-element-5df49da elementor-widget elementor-widget-spacer\" data-id=\"5df49da\" data-element_type=\"widget\" data-widget_type=\"spacer.default\">\n\t\t\t\t<div class=\"elementor-widget-container\">\n\t\t\t\t\t\t\t<div class=\"elementor-spacer\">\n\t\t\t<div class=\"elementor-spacer-inner\"><\/div>\n\t\t<\/div>\n\t\t\t\t\t\t<\/div>\n\t\t\t\t<\/div>\n\t\t\t\t<div class=\"elementor-element elementor-element-028875e elementor-widget elementor-widget-text-editor\" data-id=\"028875e\" data-element_type=\"widget\" data-widget_type=\"text-editor.default\">\n\t\t\t\t<div class=\"elementor-widget-container\">\n\t\t\t\t\t\t\t\t\t<h5>1 \u2013 EDITION DU SITE.<\/h5><p>En vertu de l\u2019article 6 de la loi n\u00b0 2004-575 du 21 juin 2004 pour la confiance dans l\u2019\u00e9conomie num\u00e9rique, il est pr\u00e9cis\u00e9 aux utilisateurs du site internet <a href=\"https:\/\/christellebesse.com\/\">https:\/\/christellebesse.com<\/a> l\u2019identit\u00e9 des diff\u00e9rents intervenants dans le cadre de sa r\u00e9alisation et de son suivi :<\/p><p>Propri\u00e9taire du site : Christelle BESSE \u2013 Contact : <a href=\"mailto:contact@christellebesse.com\">contact@christellebesse.com<\/a> \u2013 +33625700820 \u2013 Adresse : 79 All\u00e9e des Tympanons 13300 SALON DE PROVENCE.<\/p><p>Identification de l\u2019entreprise : Christelle BESSE \u2013 Entrepreneur individuel \u2013 SIRET 918865668 00019 \u2013 APE 9003A \u2013 Adresse postale : 79 All\u00e9e des Tympanons 13300 SALON DE PROVENCE.<\/p><p>Directeur de la publication : Christelle BESSE \u2013 Contact : <a href=\"mailto:contact@christellebesse.com\">contact@christellebesse.com<\/a><\/p><p>H\u00e9bergeur : OVH SAS \u2013 www.ovh.com Adresse Postale : 2 rue Kellermann 59053 ROUBAIX<\/p><h5>2 \u2013 PROPRIETE INTELLECTUELLE ET CONTREFACONS.<\/h5><p>Christelle BESSE est propri\u00e9taire des droits de propri\u00e9t\u00e9 intellectuelle et d\u00e9tient les droits d\u2019usage sur tous les \u00e9l\u00e9ments accessibles sur le site internet, notamment les textes, images, graphismes, logos, vid\u00e9os, architecture, ic\u00f4nes et sons.<\/p><p>Toute reproduction, repr\u00e9sentation, modification, publication, adaptation de tout ou partie des \u00e9l\u00e9ments du site, quel que soit le moyen ou le proc\u00e9d\u00e9 utilis\u00e9, est interdite, sauf autorisation \u00e9crite pr\u00e9alable de Christelle BESSE.<\/p><p>Toute exploitation non autoris\u00e9e du site ou de l\u2019un quelconque des \u00e9l\u00e9ments qu\u2019il contient sera consid\u00e9r\u00e9e comme constitutive d\u2019une contrefa\u00e7on et poursuivie conform\u00e9ment aux dispositions des articles L.335-2 et suivants du Code de Propri\u00e9t\u00e9 Intellectuelle.<\/p><h5>3 &#8211; LIMITATIONS DE RESPONSABILIT\u00c9.<\/h5><p>Christelle BESSE ne pourra \u00eatre tenu pour responsable des dommages directs et indirects caus\u00e9s au mat\u00e9riel de l\u2019utilisateur, lors de l\u2019acc\u00e8s au site <a href=\"https:\/\/christellebesse.com\/\">https:\/\/christellebesse.com<\/a><\/p><p>Christelle BESSE d\u00e9cline toute responsabilit\u00e9 quant \u00e0 l\u2019utilisation qui pourrait \u00eatre faite des informations et contenus pr\u00e9sents sur <a href=\"https:\/\/christellebesse.com\/\">https:\/\/christellebesse.com<\/a><\/p><p>Christelle BESSE s\u2019engage \u00e0 s\u00e9curiser au mieux le site <a href=\"https:\/\/christellebesse.com\/\">https:\/\/christellebesse.com<\/a>, cependant sa responsabilit\u00e9 ne pourra \u00eatre mise en cause si des donn\u00e9es ind\u00e9sirables sont import\u00e9es et install\u00e9es sur son site \u00e0 son insu.<\/p><p>Des espaces interactifs (espace contact ou commentaires) sont \u00e0 la disposition des utilisateurs. Christelle BESSE se r\u00e9serve le droit de supprimer, sans mise en demeure pr\u00e9alable, tout contenu d\u00e9pos\u00e9 dans cet espace qui contreviendrait \u00e0 la l\u00e9gislation applicable en France, en particulier aux dispositions relatives \u00e0 la protection des donn\u00e9es.<\/p><h5>4 &#8211; CNIL ET GESTION DES DONN\u00c9ES PERSONNELLES.<\/h5><p>Conform\u00e9ment aux dispositions de la loi 78-17 du 6 janvier 1978 modifi\u00e9e, l\u2019utilisateur du site <a href=\"https:\/\/christellebesse.com\/\">https:\/\/christellebesse.com<\/a> dispose d\u2019un droit d\u2019acc\u00e8s, de modification et de suppression des informations collect\u00e9es.<\/p><p>Pour exercer ce droit, envoyez un message \u00e0 notre D\u00e9l\u00e9gu\u00e9 \u00e0 la Protection des Donn\u00e9es : Christelle BESSE \u2013 <a href=\"mailto:contact@christellebesse.com\">contact@christellebesse.com<\/a>.<\/p><p>Il est \u00e9galement possible de d\u00e9poser une r\u00e9clamation aupr\u00e8s de la CNIL.<\/p><h5>5 &#8211; LIENS HYPERTEXTES ET COOKIES<\/h5><p>Le site <a href=\"https:\/\/christellebesse.com\/\">https:\/\/christellebesse.com<\/a> contient des liens hypertextes vers d\u2019autres sites et d\u00e9gage toute responsabilit\u00e9 \u00e0 propos de ces liens externes ou des liens cr\u00e9\u00e9s par d\u2019autres sites vers <a href=\"https:\/\/christellebesse.com\/\">https:\/\/christellebesse.com<\/a>.<\/p><p>La navigation sur le site <a href=\"https:\/\/christellebesse.com\/\">https:\/\/christellebesse.com<\/a> est susceptible de provoquer l\u2019installation de cookie(s) sur l\u2019ordinateur de l\u2019utilisateur.<\/p><p>Un \u00ab cookie \u00bb est un fichier de petite taille qui enregistre des informations relatives \u00e0 la navigation d\u2019un utilisateur sur un site. Les donn\u00e9es ainsi obtenues permettent d\u2019obtenir des mesures de fr\u00e9quentation, par exemple.<\/p><p>Vous avez la possibilit\u00e9 d\u2019accepter ou de refuser les cookies en modifiant les param\u00e8tres de votre navigateur. Aucun cookie ne sera d\u00e9pos\u00e9 sans votre consentement.<\/p><p>Les cookies sont enregistr\u00e9s pour une dur\u00e9e maximale de deux mois.<\/p><h5>6 &#8211; DROIT APPLICABLE ET ATTRIBUTION DE JURIDICTION.<\/h5><p>Tout litige en relation avec l\u2019utilisation du site <a href=\"https:\/\/christellebesse.com\/\">https:\/\/christellebesse.com<\/a> est soumis au droit fran\u00e7ais. En dehors des cas o\u00f9 la loi ne le permet pas, il est fait attribution exclusive de juridiction aux tribunaux comp\u00e9tents de Salon de Provence.<\/p>\t\t\t\t\t\t\t\t<\/div>\n\t\t\t\t<\/div>\n\t\t\t\t\t<\/div>\n\t\t<\/div>\n\t\t\t\t\t<\/div>\n\t\t<\/section>\n\t\t\t\t<\/div>\n\t\t","protected":false},"excerpt":{"rendered":"<p>Mentions l\u00e9gales 1 \u2013 EDITION DU SITE. En vertu de l\u2019article 6 de la loi n\u00b0 2004-575 du 21 juin 2004 pour la confiance dans l\u2019\u00e9conomie num\u00e9rique, il est pr\u00e9cis\u00e9 aux utilisateurs du site internet https:\/\/christellebesse.com l\u2019identit\u00e9 des diff\u00e9rents intervenants dans le cadre de sa r\u00e9alisation et de son suivi : Propri\u00e9taire du site :&hellip;&nbsp;<a href=\"https:\/\/christellebesse.com\/index.php\/mentions-legales\/\" class=\"\" rel=\"bookmark\">Lire la suite &raquo;<span class=\"screen-reader-text\">Mentions l\u00e9gales<\/span><\/a><\/p>\n","protected":false},"author":1,"featured_media":0,"parent":0,"menu_order":0,"comment_status":"closed","ping_status":"closed","template":"page-templates\/template-pagebuilder-full-width.php","meta":{"neve_meta_sidebar":"","neve_meta_container":"","neve_meta_enable_content_width":"","neve_meta_content_width":0,"neve_meta_title_alignment":"","neve_meta_author_avatar":"","neve_post_elements_order":"","neve_meta_disable_header":"","neve_meta_disable_footer":"","neve_meta_disable_title":"","footnotes":""},"class_list":["post-602","page","type-page","status-publish","hentry"],"yoast_head":"<!-- This site is optimized with the Yoast SEO plugin v26.5 - https:\/\/yoast.com\/wordpress\/plugins\/seo\/ -->\n<title>Mentions l\u00e9gales - ChristelleBESSE - Artiste et Illustratrice<\/title>\n<meta name=\"description\" content=\"mentions l\u00e9gales\" \/>\n<meta name=\"robots\" content=\"index, follow, max-snippet:-1, max-image-preview:large, max-video-preview:-1\" \/>\n<link rel=\"canonical\" href=\"https:\/\/christellebesse.com\/index.php\/mentions-legales\/\" \/>\n<meta property=\"og:locale\" content=\"fr_FR\" \/>\n<meta property=\"og:type\" content=\"article\" \/>\n<meta property=\"og:title\" content=\"Mentions l\u00e9gales - ChristelleBESSE - Artiste et Illustratrice\" \/>\n<meta property=\"og:description\" content=\"mentions l\u00e9gales\" \/>\n<meta property=\"og:url\" content=\"https:\/\/christellebesse.com\/index.php\/mentions-legales\/\" \/>\n<meta property=\"og:site_name\" content=\"ChristelleBESSE - Artiste et Illustratrice\" \/>\n<meta property=\"article:publisher\" content=\"https:\/\/www.facebook.com\/christelle.besse.79\/\" \/>\n<meta property=\"article:modified_time\" content=\"2023-08-19T14:07:51+00:00\" \/>\n<meta name=\"twitter:card\" content=\"summary_large_image\" \/>\n<meta name=\"twitter:label1\" content=\"Dur\u00e9e de lecture estim\u00e9e\" \/>\n\t<meta name=\"twitter:data1\" content=\"3 minutes\" \/>\n<script type=\"application\/ld+json\" class=\"yoast-schema-graph\">{\"@context\":\"https:\/\/schema.org\",\"@graph\":[{\"@type\":\"WebPage\",\"@id\":\"https:\/\/christellebesse.com\/index.php\/mentions-legales\/\",\"url\":\"https:\/\/christellebesse.com\/index.php\/mentions-legales\/\",\"name\":\"Mentions l\u00e9gales - ChristelleBESSE - Artiste et Illustratrice\",\"isPartOf\":{\"@id\":\"https:\/\/christellebesse.com\/#website\"},\"datePublished\":\"2023-08-15T18:01:24+00:00\",\"dateModified\":\"2023-08-19T14:07:51+00:00\",\"description\":\"mentions l\u00e9gales\",\"breadcrumb\":{\"@id\":\"https:\/\/christellebesse.com\/index.php\/mentions-legales\/#breadcrumb\"},\"inLanguage\":\"fr-FR\",\"potentialAction\":[{\"@type\":\"ReadAction\",\"target\":[\"https:\/\/christellebesse.com\/index.php\/mentions-legales\/\"]}]},{\"@type\":\"BreadcrumbList\",\"@id\":\"https:\/\/christellebesse.com\/index.php\/mentions-legales\/#breadcrumb\",\"itemListElement\":[{\"@type\":\"ListItem\",\"position\":1,\"name\":\"Accueil\",\"item\":\"https:\/\/christellebesse.com\/\"},{\"@type\":\"ListItem\",\"position\":2,\"name\":\"Mentions l\u00e9gales\"}]},{\"@type\":\"WebSite\",\"@id\":\"https:\/\/christellebesse.com\/#website\",\"url\":\"https:\/\/christellebesse.com\/\",\"name\":\"ChristelleBESSE - Artiste et Illustratrice\",\"description\":\"ChristelleBESSE - Illustratrice\",\"publisher\":{\"@id\":\"https:\/\/christellebesse.com\/#\/schema\/person\/8e80be334482e71b8ef21c26f585c585\"},\"alternateName\":\"Christelle BESSE\",\"potentialAction\":[{\"@type\":\"SearchAction\",\"target\":{\"@type\":\"EntryPoint\",\"urlTemplate\":\"https:\/\/christellebesse.com\/?s={search_term_string}\"},\"query-input\":{\"@type\":\"PropertyValueSpecification\",\"valueRequired\":true,\"valueName\":\"search_term_string\"}}],\"inLanguage\":\"fr-FR\"},{\"@type\":[\"Person\",\"Organization\"],\"@id\":\"https:\/\/christellebesse.com\/#\/schema\/person\/8e80be334482e71b8ef21c26f585c585\",\"name\":\"admin9276\",\"image\":{\"@type\":\"ImageObject\",\"inLanguage\":\"fr-FR\",\"@id\":\"https:\/\/christellebesse.com\/#\/schema\/person\/image\/\",\"url\":\"https:\/\/christellebesse.com\/wp-content\/uploads\/2023\/07\/Macaron-CB2-1-scaled.jpg\",\"contentUrl\":\"https:\/\/christellebesse.com\/wp-content\/uploads\/2023\/07\/Macaron-CB2-1-scaled.jpg\",\"width\":2560,\"height\":2560,\"caption\":\"admin9276\"},\"logo\":{\"@id\":\"https:\/\/christellebesse.com\/#\/schema\/person\/image\/\"},\"description\":\"Artiste, illustratrice professionnelle depuis 2022, bas\u00e9e en Provence.\",\"sameAs\":[\"https:\/\/christellebesse.com\",\"https:\/\/www.facebook.com\/christelle.besse.79\/\",\"https:\/\/www.instagram.com\/__christellebesse__\/\",\"https:\/\/www.linkedin.com\/in\/christellebesse-art\/\"]}]}<\/script>\n<!-- \/ Yoast SEO plugin. -->","yoast_head_json":{"title":"Mentions l\u00e9gales - ChristelleBESSE - Artiste et Illustratrice","description":"mentions l\u00e9gales","robots":{"index":"index","follow":"follow","max-snippet":"max-snippet:-1","max-image-preview":"max-image-preview:large","max-video-preview":"max-video-preview:-1"},"canonical":"https:\/\/christellebesse.com\/index.php\/mentions-legales\/","og_locale":"fr_FR","og_type":"article","og_title":"Mentions l\u00e9gales - ChristelleBESSE - Artiste et Illustratrice","og_description":"mentions l\u00e9gales","og_url":"https:\/\/christellebesse.com\/index.php\/mentions-legales\/","og_site_name":"ChristelleBESSE - Artiste et Illustratrice","article_publisher":"https:\/\/www.facebook.com\/christelle.besse.79\/","article_modified_time":"2023-08-19T14:07:51+00:00","twitter_card":"summary_large_image","twitter_misc":{"Dur\u00e9e de lecture estim\u00e9e":"3 minutes"},"schema":{"@context":"https:\/\/schema.org","@graph":[{"@type":"WebPage","@id":"https:\/\/christellebesse.com\/index.php\/mentions-legales\/","url":"https:\/\/christellebesse.com\/index.php\/mentions-legales\/","name":"Mentions l\u00e9gales - ChristelleBESSE - Artiste et Illustratrice","isPartOf":{"@id":"https:\/\/christellebesse.com\/#website"},"datePublished":"2023-08-15T18:01:24+00:00","dateModified":"2023-08-19T14:07:51+00:00","description":"mentions l\u00e9gales","breadcrumb":{"@id":"https:\/\/christellebesse.com\/index.php\/mentions-legales\/#breadcrumb"},"inLanguage":"fr-FR","potentialAction":[{"@type":"ReadAction","target":["https:\/\/christellebesse.com\/index.php\/mentions-legales\/"]}]},{"@type":"BreadcrumbList","@id":"https:\/\/christellebesse.com\/index.php\/mentions-legales\/#breadcrumb","itemListElement":[{"@type":"ListItem","position":1,"name":"Accueil","item":"https:\/\/christellebesse.com\/"},{"@type":"ListItem","position":2,"name":"Mentions l\u00e9gales"}]},{"@type":"WebSite","@id":"https:\/\/christellebesse.com\/#website","url":"https:\/\/christellebesse.com\/","name":"ChristelleBESSE - Artiste et Illustratrice","description":"ChristelleBESSE - Illustratrice","publisher":{"@id":"https:\/\/christellebesse.com\/#\/schema\/person\/8e80be334482e71b8ef21c26f585c585"},"alternateName":"Christelle BESSE","potentialAction":[{"@type":"SearchAction","target":{"@type":"EntryPoint","urlTemplate":"https:\/\/christellebesse.com\/?s={search_term_string}"},"query-input":{"@type":"PropertyValueSpecification","valueRequired":true,"valueName":"search_term_string"}}],"inLanguage":"fr-FR"},{"@type":["Person","Organization"],"@id":"https:\/\/christellebesse.com\/#\/schema\/person\/8e80be334482e71b8ef21c26f585c585","name":"admin9276","image":{"@type":"ImageObject","inLanguage":"fr-FR","@id":"https:\/\/christellebesse.com\/#\/schema\/person\/image\/","url":"https:\/\/christellebesse.com\/wp-content\/uploads\/2023\/07\/Macaron-CB2-1-scaled.jpg","contentUrl":"https:\/\/christellebesse.com\/wp-content\/uploads\/2023\/07\/Macaron-CB2-1-scaled.jpg","width":2560,"height":2560,"caption":"admin9276"},"logo":{"@id":"https:\/\/christellebesse.com\/#\/schema\/person\/image\/"},"description":"Artiste, illustratrice professionnelle depuis 2022, bas\u00e9e en Provence.","sameAs":["https:\/\/christellebesse.com","https:\/\/www.facebook.com\/christelle.besse.79\/","https:\/\/www.instagram.com\/__christellebesse__\/","https:\/\/www.linkedin.com\/in\/christellebesse-art\/"]}]}},"_links":{"self":[{"href":"https:\/\/christellebesse.com\/index.php\/wp-json\/wp\/v2\/pages\/602","targetHints":{"allow":["GET"]}}],"collection":[{"href":"https:\/\/christellebesse.com\/index.php\/wp-json\/wp\/v2\/pages"}],"about":[{"href":"https:\/\/christellebesse.com\/index.php\/wp-json\/wp\/v2\/types\/page"}],"author":[{"embeddable":true,"href":"https:\/\/christellebesse.com\/index.php\/wp-json\/wp\/v2\/users\/1"}],"replies":[{"embeddable":true,"href":"https:\/\/christellebesse.com\/index.php\/wp-json\/wp\/v2\/comments?post=602"}],"version-history":[{"count":42,"href":"https:\/\/christellebesse.com\/index.php\/wp-json\/wp\/v2\/pages\/602\/revisions"}],"predecessor-version":[{"id":781,"href":"https:\/\/christellebesse.com\/index.php\/wp-json\/wp\/v2\/pages\/602\/revisions\/781"}],"wp:attachment":[{"href":"https:\/\/christellebesse.com\/index.php\/wp-json\/wp\/v2\/media?parent=602"}],"curies":[{"name":"wp","href":"https:\/\/api.w.org\/{rel}","templated":true}]}}